et f be 0*2/(-6) + 252. Suppose -3*i - n = -6*i + 189, 4*n = -4*i + f. Suppose 3*r - 5*x - 246 = 0, 3*r + 4*x - i = 210. Is r a composite number?
True
Is 7333509/(-404)*(-20)/3 composite?
True
Let n(t) = 2*t**2 - 13*t - 12. Let s(d) = d**3 + 8*d**2 - 3*d - 11. Let a be s(-8). Is n(a) a prime number?
True
Let x = -26 + 30. Let u(b) = -b**3 + 5*b**2 - 3*b + 3. Let n be u(x). Is (-6)/(-14) - (-130)/n a prime number?
True
Let d(i) = 25*i + 19*i + 60*i - 29*i - 9. Is d(2) prime?
False
Let b(w) = w**2 + 7*w - 19. Suppose 56 = 5*z - 4. Let j be b(z). Suppose -a = -y + j, -4*a + 0*a = -5*y + 1045. Is y prime?
False
Let y(o) = 162*o**3 - 3*o + 2. Is y(1) a composite number?
True
Let b be (-9 - -7) + -1 + 2. Let h be -1*(3 + -2 + b). Suppose 4*a - 2*a - 356 = h. Is a prime?
False
Let s(j) = -30*j - 7. Let f(b) = 151*b + 35. Let u(y) = 2*f(y) + 11*s(y). Is u(-3) a prime number?
False
Let o be ((-24)/20)/(12/200). Let i = 22 + o. Suppose 4*w - l + 641 = 6*w, -i*w = 4*l - 650. Is w prime?
False
Let k(w) = 12*w**2 + w. Let q be k(2). Suppose j - q = 6*j - 4*r, 0 = 5*r. Let s = 67 - j. Is s composite?
True
Suppose -63 = -6*b - 3*b. Suppose -z + 28 = -n - b, -2*n = -4*z + 138. Is z composite?
True
Is (-6 - -15 - 9) + 3109 prime?
True
Suppose 49*z = 44*z + 51845. Is z a composite number?
False
Let u = 4 + -17. Let t = 229 - u. Let n = -173 + t. Is n composite?
True
Suppose 5*i - 40 = -90. Let j be 14985/i - (-2)/4. Let o = j + 2703. Is o prime?
False
Let n(u) = -u**2 - 14*u - 44. Let m be n(-8). Suppose -5*q + 2*b = 6*b - 6039, -4 = -m*b. Is q prime?
False
Suppose 2*m + 2*m + 1612 = 0. Let y = 696 + m. Is y composite?
False
Suppose 2*g - 148 = -4*u, -u + 0*u + g = -37. Suppose 0 = 5*m + 4*y - 2803, m - u = -4*y + 514. Is m a prime number?
True
Let l(c) = -3*c**3 - 130*c**2 + 4*c + 33. Is l(-46) composite?
True
Is (-12)/52 - (-3837400)/260 composite?
False
Let x be (-5 + 0)/(-3 + 2). Suppose 0 = x*j - 143 - 302. Suppose -4*w + j = -483. Is w a composite number?
True
Let z(o) = -o**3 + o**2 + 7*o - 10. Let x be z(-9). Is 0*2/(-2 - -4) + x a prime number?
False
Suppose 27*l = -63*l + 494010. Is l a prime number?
False
Suppose -4*m = m - 30. Suppose -7 = -m*s + 5. Suppose 0 = 4*p - 4*q - 1508, 1745 = 3*p + s*q + 614. Is p a prime number?
False
Let d(t) = -19*t**2 + t + 2. Let j be d(4). Let f be 0 + -4 + -7 + j. Let x = f - -942. Is x a composite number?
True
Let f be 2*((140/(-8))/(-1) + 1). Let t be 2/(-4) + 19/2. Let v = f + t. Is v a prime number?
False
Let k be (-14)/(-63) + 6116/18. Suppose k = 3*c - 419. Is c composite?
True
Suppose n - 2*d - 12647 = 0, -16445 - 8849 = -2*n - 4*d. Is n prime?
True
Suppose n = -3*g + 1, 3*g + 0 = -5*n + 17. Suppose -3*p + 1967 = -4*s, -n*p - 3*s + 3531 - 925 = 0. Is p prime?
True
Suppose 2*m + 3*m = 2130. Suppose -2*h - 4*k = -m, 2*h - 2*k = 2*k + 394. Is h a prime number?
False
Suppose 4*a - 3*q = 11 + 1, 0 = 2*a + 2*q - 6. Suppose -28 = -6*n + 3*n - 4*p, 5*p = a*n + 8. Is n + 45 - (1 + -3) composite?
True
Suppose -z + 100 = 4*z. Suppose 45 = 23*j - z*j. Is 1 + -1 + j + 40 composite?
True
Is 202*((-33)/6 + 8) prime?
False
Let r = 56 + -79. Let s = r - -49. Is s composite?
True
Let a(q) = q**2 - q. Let m(z) = -z**3 - 19*z**2 - 5*z - 17. Let o(l) = -4*a(l) - m(l). Is o(-12) a prime number?
False
Let u be (44 - 44) + (0 - 1)*-1498. Suppose -4*f = -u - 2474. Is f a composite number?
True
Suppose 4*x + 2*d - 11685 = d, -x = -d - 2920. Is x composite?
True
Let g = 14 - 10. Suppose -4*q = 0, g - 13 = -3*r - 3*q. Suppose k = -3*i + 268, -i - r*k + 5*k = -87. Is i prime?
True
Let i be ((-6)/(-12))/((-3)/(-30)*1). Suppose -i*c + 10113 = -17072. Is c a composite number?
False
Let s(r) = -r**3 - 25*r**2 - 64*r + 13. Is s(-27) a composite number?
True
Let l be 3/1 + -2 + 36/(-9). Is ((-54)/12 + 6)/(l/(-764)) composite?
True
Suppose -46128 = -39*m + 27621. Is m a prime number?
False
Let k be 1/4 - 70669/68. Let g = k - -1988. Is g a prime number?
False
Suppose -83042 - 24378 = -20*w. Is w composite?
True
Let w be ((-2)/4)/((-2)/(-804)). Let l = 538 + w. Is l a composite number?
False
Suppose -4*k + 2 + 2 = 0, -2*s + k + 2737 = 0. Is s prime?
False
Let x(c) = 879*c**2 + 4*c - 16. Is x(3) prime?
True
Let l(c) = -1632*c - 13. Is l(-2) a composite number?
False
Suppose 3*c - 1109 - 3421 = 0. Is (4 - 1)/(6/(-4 + c)) prime?
False
Let r(k) = k**3 - 14*k**2 - k + 13. Let h be r(14). Let y be ((0 - -6)/(-2))/h. Suppose 2*q - t - 229 = 168, 0 = -y*q - t + 598. Is q prime?
True
Suppose -16*f = -20*f + 40. Is 251/(((-55)/f)/(-11)) a prime number?
False
Let z(d) = 4*d**2. Let v be z(1). Suppose 1086 = -v*c + 5*c. Suppose 5*f - c = 379. Is f prime?
True
Suppose -b - 4*b + 2590 = 0. Suppose -3*c + 403 + b = 0. Is c a composite number?
False
Is 166 + 25/(-10)*(-24)/(-20) a composite number?
False
Let s(u) = u + 1. Let f be s(2). Suppose -f*x + 6 = 0, w + 0 = -4*x + 3. Let v = w - -19. Is v prime?
False
Is ((-34)/85)/((-2)/2495) composite?
False
Suppose 5*p + 2*u + 3 + 7 = 0, 3*p = 3*u - 6. Let d be (p + 2)*6/12. Suppose d = -4*f + 6*f - 422. Is f a composite number?
False
Let k(a) = 28*a**2 - 5*a + 1. Let j(s) = 55*s**2 - 10*s + 3. Let n(c) = -4*j(c) + 9*k(c). Let b(u) be the first derivative of n(u). Is b(4) a prime number?
True
Let h(n) = -n**3 - 4*n**2 - n + 2. Let u be h(-3). Let d(k) = -3*k**3 + 0 - 2*k**3 - 5*k**2 - 4*k - 6 - k. Is d(u) prime?
False
Let a(g) = 16*g + 2. Let t be a(-1). Let d be 1*-5*t/35. Is ((-21)/(-12))/(d/232) a composite number?
True
Let a = 0 + -1. Let l(d) = 1. Let h(w) = -139*w**2 - 2*w + 3. Let i(v) = a*h(v) + 5*l(v). Is i(-1) a prime number?
True
Suppose 0 = 4*v + 3*a - 20, 0 = -a + 3*a. Is 1/v + 11/(55/5604) a prime number?
False
Let t(n) be the second derivative of -n**5/20 + n**3/6 + 379*n**2/2 - 14*n. Is t(0) prime?
True
Let q(x) = 88*x**2 - 90*x - 91. Is q(-33) composite?
False
Suppose -4*y = -5*m - 58915 + 20552, 0 = -4*m - 12. Is y a prime number?
True
Suppose 4*r - 4 - 52 = 0. Is (-5)/((-20)/r)*526 prime?
False
Is (56466/(-27))/(50/15 + -4) prime?
True
Let l be (0 - (-2)/4)*(216 - -6). Let j = 700 - l. Is j prime?
False
Suppose -3*y + 17 = 4*t + 2*y, y = -3*t - 1. Let x = -16 + 24. Is (633/(-12))/(t/x) prime?
True
Let a be (2 - 1)*84/(-12). Let v(h) = h**3 + 6*h**2 - 6*h + 2. Let s be v(a). Is -1324*(20/16)/s a composite number?
False
Let d = -13833 + 20806. Is d prime?
False
Suppose -93*x = -105*x + 20052. Is x a composite number?
True
Let m(f) = f**2 + 7*f + 9. Let p be m(-6). Suppose -i = -5*s - 541, s = p*i - 3*s - 1645. Is i a prime number?
False
Let m(r) = r**2 + 3. Let j be m(-3). Let v be ((-10)/3)/(j/306). Let n = v + 167. Is n a prime number?
False
Let u be ((-112)/(-20) + -2)*365. Is 10/(-25) - u/(-10) composite?
False
Let u(g) = 10*g**3 - 1. Let z be (1/5)/(3/30). Is u(z) composite?
False
Suppose 4*b + 2*o = 13 + 5, -2*o + 6 = -2*b. Suppose b*i - 321 = 131. Suppose -5*n - i = -d, -d + 220 = -4*n + n. Is d a composite number?
False
Let k(s) = 2*s - 7. Suppose -5*y - 12 = -7*y. Let u be k(y). Suppose 0 = -3*i + u*i - 286. Is i a composite number?
True
Suppose 10486 = 3*m - 5*f, 1934 = 3*m - f - 8556. Is m a composite number?
True
Is 3/6 - -41385*12/24 composite?
False
Suppose w = -w + 4*i + 8, 4*i - 4 = 0. Let u = 12 - w. Let z(t) = t**2 + 2*t - 2. Is z(u) a composite number?
True
Let y(v) = -443*v - 3. Let r be y(-1). Let c = -241 + r. Is c composite?
False
Suppose -3*a + 4*o = -2914, -2*a + 4*o - 26 = -1974. Suppose -h + a = 181. Is h prime?
False
Is ((-28)/56)/(2/(-1916)) prime?
True
Suppose -6 + 86 = 10*v. Is 2/v + (-67908)/(-48) composite?
True
Let g(p) = -p**2 - 15*p - 10. Let f be g(-13). Is (-3764)/(-16) - 4/f prime?
False
Suppose 523*f = 522*f + 23897. Is f a prime number?
False
Is (-97)/((-1)/7 - 0) composite?
True
Let v(k) = 67*k**2 - 14*k + 50. Is v(21) a composite number?
False
Suppose -h - 4*q + 20 = h, 5*h - 4*q - 22 = 0. Suppose h*b = 186 + 330. Suppose -5*w + b = -224. Is w prime?
False
Let v be 1/8 - 25822/(-16). Let h = v - 361. Is h a prime number?
False
Suppose -74*s + 47*s + 157167 = 0. Is s prime?
True
Suppose 2*y = -766 + 2178. Suppose -5*v + 1073 - 369 = f, 0 = 5*v - f - y. Is v a composite number?
True
Suppose -1833 - 747 = -4*c. Suppose 0 = 3*t - 6*t + c. Suppose 4*g = -g 